
Is 111876891859 prime?
True
Is 898416013 composite?
True
Is 640971127 prime?
True
Is 7623017641 composite?
False
Is 3121270001 composite?
False
Is 15686651473 composite?
False
Is 3169482557 prime?
True
Is 3331557953 composite?
False
Is 2465376713 a prime number?
False
Is 675666671 a composite number?
False
Is 6549062321 prime?
True
Is 144439913 a prime number?
True
Is 2815043081 a composite number?
False
Is 7057683403 composite?
False
Is 19934193443 composite?
True
Is 119114623 prime?
False
Is 222017051 a composite number?
False
Is 24685585829 a prime number?
True
Is 3194035629 a prime number?
False
Is 1833421769 prime?
True
Is 46112377 a composite number?
False
Is 2574227399 prime?
False
Is 357360397 prime?
False
Is 1724290471 a prime number?
False
Is 4222947647 a prime number?
True
Is 9234613411 composite?
False
Is 1279278899 composite?
False
Is 976464109 a composite number?
False
Is 5086007 a prime number?
True
Is 136379071 composite?
True
Is 4352630783 composite?
True
Is 30984712391 a composite number?
False
Is 4455359351 a composite number?
False
Is 2099236607 a composite number?
True
Is 3123055487 a composite number?
True
Is 15107152507 composite?
False
Is 1534829639 composite?
True
Is 1156811081 prime?
True
Is 60690054367 a prime number?
True
Is 7850191 a prime number?
True
Is 342800197 prime?
False
Is 452098529 prime?
True
Is 256807078861 prime?
True
Is 39108853193 a composite number?
False
Is 49761379247 composite?
True
Is 1854480583 prime?
False
Is 832840843 composite?
True
Is 16603897171 prime?
True
Is 9521587121 a composite number?
False
Is 293711993 a prime number?
True
Is 2636858017 composite?
True
Is 290489435 prime?
False
Is 21659494889 composite?
False
Is 253213203 a composite number?
True
Is 13434266669 a prime number?
False
Is 2765099231 a prime number?
True
Is 744309523 a prime number?
False
Is 801970691 prime?
True
Is 3347157533 a composite number?
True
Is 3766364443 a prime number?
True
Is 181023767 composite?
False
Is 194312597 a prime number?
True
Is 287838484501 prime?
False
Is 1569065107 composite?
False
Is 39345233 a prime number?
True
Is 13182255643 a composite number?
True
Is 28900754863 a composite number?
False
Is 5817404321 a composite number?
True
Is 6869101 a composite number?
False
Is 1200659911 prime?
False
Is 1686201799 a composite number?
False
Is 446960911 composite?
True
Is 44625881 composite?
False
Is 77173037 composite?
True
Is 21293378879 composite?
True
Is 1257706873 prime?
True
Is 12318411601 composite?
False
Is 1023212621 prime?
True
Is 1246708919 composite?
False
Is 29658199663 a prime number?
False
Is 2489584537 composite?
True
Is 4343096293 prime?
True
Is 358931411 a prime number?
True
Is 796881731 composite?
False
Is 12200738881 composite?
True
Is 427433653 a composite number?
True
Is 12071503139 composite?
True
Is 7791981989 prime?
False
Is 238249073 a composite number?
True
Is 23983091 a composite number?
True
Is 30566785 a composite number?
True
Is 345021799 a composite number?
True
Is 39247151057 prime?
False
Is 4490579413 prime?
True
Is 249077713 prime?
True
Is 668594965 a composite number?
True
Is 9262771483 prime?
False
Is 78106465 prime?
False
Is 2274901141 prime?
False
Is 2134537753 composite?
False
Is 12216956131 a composite number?
False
Is 16842558097 a composite number?
False
Is 6210517693 composite?
True
Is 200621537 prime?
True
Is 55339021747 a composite number?
True
Is 92917043 composite?
False
Is 2940814171 a prime number?
False
Is 123486191 composite?
False
Is 80018816321 composite?
False
Is 662270491 prime?
True
Is 20373038863 a prime number?
False
Is 10882486855 prime?
False
Is 35253859133 prime?
False
Is 4023352183 prime?
False
Is 8569172033 a prime number?
True
Is 4962686809 a composite number?
False
Is 2080289129 a prime number?
False
Is 6608422343 a composite number?
False
Is 1702679717 composite?
True
Is 2388422563 a composite number?
True
Is 89013080671 prime?
True
Is 509318059 composite?
True
Is 772210877 composite?
True
Is 11832286643 prime?
False
Is 14865131 a composite number?
True
Is 183928313 a prime number?
True
Is 9600111863 prime?
False
Is 17856965443 a composite number?
True
Is 486941681 a prime number?
False
Is 114595571 a composite number?
False
Is 41182198487 a composite number?
True
Is 1734826213 a prime number?
True
Is 2113993573 a composite number?
True
Is 1602296623 composite?
True
Is 7950228181 a composite number?
True
Is 3895280647 a prime number?
True
Is 4910950833 a composite number?
True
Is 1949217 prime?
False
Is 325500101 a prime number?
False
Is 28355307163 a composite number?
False
Is 725570263 prime?
False
Is 1355229553 prime?
True
Is 51638899 a prime number?
False
Is 48580262 composite?
True
Is 4918973599 a composite number?
False
Is 22825867373 composite?
True
Is 21671302943 a composite number?
False
Is 12273325027 prime?
False
Is 10701518341 prime?
True
Is 56643522713 a prime number?
False
Is 18602279 prime?
True
Is 4732132289 composite?
True
Is 207852356353 prime?
True
Is 2248961147 prime?
True
Is 1691221637 a prime number?
False
Is 1515474221 prime?
False
Is 572841869 a composite number?
False
Is 3808772797 prime?
False
Is 831249283 prime?
False
Is 79111981967 a prime number?
True
Is 112160008483 composite?
True
Is 47115138193 a composite number?
False
Is 27184564283 prime?
False
Is 3446168471 a composite number?
False
Is 1467882469 composite?
False
Is 21216334651 prime?
True
Is 58753547282 prime?
False
Is 8540946373 a prime number?
True
Is 648457651 a composite number?
False
Is 672066991 a prime number?
True
Is 1668267881 prime?
False
Is 1926123337 prime?
True
Is 138466753 a prime number?
True
Is 30589805891 composite?
False
Is 63514045559 a prime number?
False
Is 693420391 a prime number?
True
Is 1448730799 composite?
False
Is 6961211498 a composite number?
True
Is 2548158253 prime?
True
Is 34136698957 a prime number?
False
Is 401065957 composite?
False
Is 113231369347 composite?
False
Is 1634208931 composite?
True
Is 4706618051 a prime number?
False
Is 17941167605 composite?
True
Is 62198103827 a composite number?
False
Is 2843029979 a composite number?
False
Is 57828887 a composite number?
False
Is 1287621593 composite?
True
Is 533881067 a composite number?
False
Is 1844089277 a prime number?
True
Is 10080604705 prime?
False
Is 2083723723 composite?
False
Is 23033314939 composite?
False
Is 128394619 composite?
True
Is 67243055329 prime?
False
Is 136948859 a prime number?
True
Is 27611345609 prime?
False
Is 4281665183 a prime number?
False
Is 1454567869 a prime number?
True
Is 1442869021 a composite number?
True
Is 49717708231 prime?
True
Is 91669632023 composite?
False
Is 1279950709 composite?
False
Is 9836772095 a composite number?
True
Is 43349813783 a composite number?
False
Is 5372250787 a composite number?
True
Is 4448399701 a composite number?
True
Is 28942939411 a prime number?
False
Is 1754596087 composite?
True
Is 189427177 prime?
True
Is 24906696599 prime?
True
Is 74996942953 prime?
False
Is 236291070839 prime?
True
Is 5310934003 a prime number?
False
Is 34733763569 a prime number?
False
Is 12274290047 prime?
False
Is 25459906187 a prime number?
True
Is 10188509909 composite?
False
Is 80044686691 a composite number?
False
Is 35131861619 a composite number?
False
Is 1106247053 a composite number?
True
Is 145340707709 a prime number?
True
Is 8952967073 prime?
True
Is 1562351341 a prime number?
True
Is 25578163669 prime?
True
Is 57657868637 prime?
True
Is 4167372871 prime?
True
Is 1344933407 composite?
True
Is 8446120157 composite?
True
Is 141333816863 composite?
False
Is 65766989 a composite number?
True
Is 49893379 a composite number?
False
Is 5663345507 a composite number?
True
Is 13782688243 a composite number?
False
Is 491551651 a prime number?
False
Is 92443829309 a prime number?
False
Is 933831529 a prime number?
True
Is 2857749493 composite?
False
Is 70002846211 a composite number?
True
Is 1910122813 composite?
True
Is 25619813 prime?
True
Is 35160699515 a prime number?
False
Is 18227486401 composite?
False
Is 178605679 prime?
False
Is 41535816923 composite?
True
Is 8119615561 composite?
False
Is 3859373857 a composite number?
True
Is 1846173647 a prime number?
False
Is 54972569 prime?
False
Is 96405641 a composi